{"id":78,"date":"2020-06-04T18:13:13","date_gmt":"2020-06-04T16:13:13","guid":{"rendered":"http:\/\/eboops.com\/?page_id=78"},"modified":"2023-06-11T22:12:48","modified_gmt":"2023-06-11T20:12:48","slug":"repertoire-a-z","status":"publish","type":"page","link":"https:\/\/eboops.com\/index.php\/repertoire-a-z\/","title":{"rendered":"R\u00e9pertoire A\/Z"},"content":{"rendered":"\n<p>J&rsquo;ai cr\u00e9\u00e9 ensuite R\u00e9pertoire A\/Z qui a une pr\u00e9sentation diff\u00e9rente : celle d&rsquo;un vrai carnet r\u00e9pertoire papier avec tout les onglets visibles en m\u00eames temps \u00e0 droite de la page.<\/p>\n\n\n\n<p><\/p>\n\n\n\n<figure class=\"wp-block-image size-large\"><img loading=\"lazy\" decoding=\"async\" width=\"1024\" height=\"759\" src=\"https:\/\/eboops.com\/wp-content\/uploads\/2023\/06\/raz_page-developpeur_sans-backup-1-1024x759.jpg\" alt=\"\" class=\"wp-image-144\" srcset=\"https:\/\/eboops.com\/wp-content\/uploads\/2023\/06\/raz_page-developpeur_sans-backup-1-1024x759.jpg 1024w, https:\/\/eboops.com\/wp-content\/uploads\/2023\/06\/raz_page-developpeur_sans-backup-1-300x222.jpg 300w, https:\/\/eboops.com\/wp-content\/uploads\/2023\/06\/raz_page-developpeur_sans-backup-1-768x569.jpg 768w, https:\/\/eboops.com\/wp-content\/uploads\/2023\/06\/raz_page-developpeur_sans-backup-1-1536x1139.jpg 1536w, https:\/\/eboops.com\/wp-content\/uploads\/2023\/06\/raz_page-developpeur_sans-backup-1-2048x1518.jpg 2048w, https:\/\/eboops.com\/wp-content\/uploads\/2023\/06\/raz_page-developpeur_sans-backup-1-120x90.jpg 120w\" sizes=\"auto, (max-width: 706px) 89vw, (max-width: 767px) 82vw, 740px\" \/><\/figure>\n\n\n\n<p><a href=\"https:\/\/play.google.com\/store\/apps\/details?id=com.eboops.cr2\"><span style=\"color:#202f91\" class=\"has-inline-color\">https:\/\/play.google.com\/store\/apps\/details?id=com.eboops.cr2<\/span><\/a><\/p>\n","protected":false},"excerpt":{"rendered":"<p>J&rsquo;ai cr\u00e9\u00e9 ensuite R\u00e9pertoire A\/Z qui a une pr\u00e9sentation diff\u00e9rente : celle d&rsquo;un vrai carnet r\u00e9pertoire papier avec tout les onglets visibles en m\u00eames temps \u00e0 droite de la page. https:\/\/play.google.com\/store\/apps\/details?id=com.eboops.cr2<\/p>\n","protected":false},"author":1,"featured_media":0,"parent":0,"menu_order":0,"comment_status":"closed","ping_status":"closed","template":"","meta":{"footnotes":""},"class_list":["post-78","page","type-page","status-publish","hentry"],"_links":{"self":[{"href":"https:\/\/eboops.com\/index.php\/wp-json\/wp\/v2\/pages\/78","targetHints":{"allow":["GET"]}}],"collection":[{"href":"https:\/\/eboops.com\/index.php\/wp-json\/wp\/v2\/pages"}],"about":[{"href":"https:\/\/eboops.com\/index.php\/wp-json\/wp\/v2\/types\/page"}],"author":[{"embeddable":true,"href":"https:\/\/eboops.com\/index.php\/wp-json\/wp\/v2\/users\/1"}],"replies":[{"embeddable":true,"href":"https:\/\/eboops.com\/index.php\/wp-json\/wp\/v2\/comments?post=78"}],"version-history":[{"count":6,"href":"https:\/\/eboops.com\/index.php\/wp-json\/wp\/v2\/pages\/78\/revisions"}],"predecessor-version":[{"id":145,"href":"https:\/\/eboops.com\/index.php\/wp-json\/wp\/v2\/pages\/78\/revisions\/145"}],"wp:attachment":[{"href":"https:\/\/eboops.com\/index.php\/wp-json\/wp\/v2\/media?parent=78"}],"curies":[{"name":"wp","href":"https:\/\/api.w.org\/{rel}","templated":true}]}}